059 and 149389.
79
Calculate the highest common factor of 19007241 and 6069.
867
What is the highest common divisor of 5277 and 10699997?
1759
Calculate the greatest common factor of 4241025 and 604449.
1647
What is the highest common divisor of 34478605 and 24500?
245
What is the greatest common factor of 1968 and 85407264?
1968
What is the highest common divisor of 589761 and 51776?
809
What is the highest common divisor of 52076 and 708012?
1108
Calculate the greatest common factor of 7 and 153728309.
7
Calculate the greatest common factor of 392564 and 50830.
782
Calculate the greatest common factor of 1601364 and 206.
2
What is the greatest common divisor of 63679 and 469667?
11
What is the greatest common divisor of 21 and 5661712?
7
Calculate the highest common divisor of 37312 and 266431.
583
Calculate the highest common factor of 20 and 662836780.
20
What is the greatest common divisor of 609 and 16792566?
609
What is the greatest common factor of 5283525 and 4800?
75
What is the greatest common factor of 1343936 and 1534192?
4048
What is the highest common divisor of 12607 and 3136?
7
What is the greatest common factor of 29950 and 129100?
50
What is the greatest common factor of 4500 and 3355200?
900
Calculate the greatest common divisor of 21476614 and 124.
62
Calculate the greatest common divisor of 1408 and 34241141.
11
What is the greatest common divisor of 3 and 22533157?
1
Calculate the greatest common factor of 444 and 74996.
4
Calculate the greatest common divisor of 402625856 and 192.
64
Calculate the greatest common divisor of 140 and 20329940.
20
Calculate the greatest common divisor of 255063412 and 992.
124
Calculate the highest common factor of 11857758 and 726.
726
Calculate the greatest common factor of 22630895 and 2602.
1301
What is the highest common divisor of 685020219 and 1989?
663
Calculate the greatest common divisor of 76 and 167828.
4
What is the highest common factor of 1253889 and 819?
819
What is the greatest common divisor of 7757244 and 54?
18
Calculate the greatest common divisor of 108729236 and 17168.
4292
Calculate the greatest common divisor of 420 and 11053080.
60
Calculate the highest common divisor of 729 and 9677493.
9
What is the greatest common divisor of 1060218 and 5040?
18
Calculate the greatest common divisor of 59832174 and 66.
6
Calculate the greatest common divisor of 1560061 and 4765.
953
What is the highest common factor of 33 and 2291649?
3
Calculate the highest common divisor of 7979684 and 62855.
967
What is the greatest common factor of 10721354 and 5068?
2534
Calculate the highest common factor of 1836 and 279738.
18
What is the greatest common divisor of 2 and 54016266?
2
What is the highest common divisor of 38668 and 516227467?
9667
Calculate the greatest common divisor of 4 and 17280356.
4
Calculate the greatest common divisor of 389975518 and 164.
82
What is the highest common factor of 584275 and 7075?
25
What is the highest common divisor of 5288924 and 145612?
2468
What is the highest common divisor of 9663500 and 112?
28
What is the highest common factor of 2 and 223404296?
2
Calculate the greatest common divisor of 5449 and 370880736.
5449
Calculate the highest common factor of 1931 and 172.
1
What is the greatest common divisor of 367077820 and 124?
124
What is the highest common factor of 12832 and 304576?
32
What is the highest common divisor of 21032 and 43637?
11
Calculate the greatest common divisor of 13122 and 447822.
54
What is the greatest common divisor of 165622758 and 63?
21
Calculate the greatest common factor of 1315067 and 19643.
13
What is the greatest common factor of 627 and 23103069?
627
What is the highest common factor of 217923804 and 15272?
7636
Calculate the highest common divisor of 1920 and 285797280.
480
Calculate the highest common divisor of 36146617 and 13.
13
What is the greatest common factor of 4950 and 19781300?
550
Calculate the highest common factor of 38780975 and 978275.
8975
What is the greatest common factor of 1204 and 14359506?
602
What is the highest common divisor of 311520469 and 169?
13
Calculate the highest common factor of 1135368 and 6201.
117
What is the highest common factor of 206 and 76676496?
206
Calculate the greatest common divisor of 190750 and 2678550.
350
Calculate the highest common factor of 3021167 and 10701.
41
What is the highest common factor of 4392 and 1286811?
9
Calculate the highest common divisor of 93 and 200487757.
31
Calculate the greatest common divisor of 15681258 and 729.
9
Calculate the greatest common divisor of 262 and 182587.
1
What is the highest common factor of 51 and 1229433?
3
What is the highest common factor of 2908038 and 504?
42
What is the greatest common factor of 14451755 and 1475?
295
Calculate the greatest common divisor of 87809 and 1260073.
277
Calculate the highest common divisor of 110 and 15861210.
10
What is the highest common factor of 1347917910 and 90?
30
What is the greatest common factor of 33 and 1601158053?
33
What is the highest common divisor of 255824448 and 96?
96
What is the greatest common divisor of 2065803 and 210602?
307
Calculate the highest common factor of 64755004 and 59839.
4603
Calculate the greatest common factor of 157678 and 956.
2
What is the highest common factor of 92708882 and 7511?
203
Calculate the highest common divisor of 1056924 and 19074.
1122
What is the highest common factor of 2535 and 19488495?
195
Calculate the highest common divisor of 2987 and 156663.
103
What is the highest common divisor of 30268574 and 350546?
7154
Calculate the greatest common factor of 59130 and 113150.
730
What is the greatest common factor of 10458512 and 11248?
304
Calculate the greatest common factor of 3281294 and 179670.
226
Calculate the highest common divisor of 1034462 and 45188.
286
What is the highest common divisor of 218878 and 4730?
22
What is the highest common divisor of 106329 and 80065?
67
Calculate the greatest common factor of 592232642 and 411.
137
Calculate the greatest common divisor of 73515 and 2767035.
435
Calculate the highest common factor of 28 and 194337262.
14
What is the highest common divisor of 39825 and 46197?
1593
Calculate the greatest common divisor of 31899 and 3255.
651
Calculate the highest common factor of 458655 and 2865.
15
Calculate the highest common divisor of 23625 and 1864485.
945
Calculate the greatest common divisor of 56 and 42107280.
8
What is the highest common factor of 32019665 and 965?
965
Calculate the highest common divisor of 5600 and 8490400.
800
What is the highest common divisor of 32756403 and 29053?
1709
Calculate the greatest common factor of 10 and 688278800.
10
Calculate the greatest common divisor of 61540 and 190060.
340
Calculate the highest common factor of 4224 and 16784.
16
What is the greatest common divisor of 22073031 and 29?
29
Calculate the highest common factor of 1916 and 132417634.
958
Calculate the highest common divisor of 4889838 and 6.
6
Calculate the greatest common factor of 10106 and 19042964.
326
Calculate the highest common factor of 10910 and 34370864.
2182
Calculate the highest common divisor of 1438 and 11015799.
719
What is the highest common divisor of 1043068967 and 1205?
241
What is the greatest common factor of 1056 and 76544160?
1056
What is the highest common divisor of 146734811 and 93?
31
Calculate the greatest common factor of 181104 and 413358.
66
What is the highest common factor of 67266 and 1194138?
666
Calculate the highest common factor of 526 and 1250302.
526
Calculate the greatest common factor of 485054 and 1102.
58
What is the greatest common factor of 204755 and 1280?
5
What is the highest common divisor of 79645658 and 58?
58
Calculate the greatest common divisor of 25547 and 6726.
59
What is the highest common factor of 310401015 and 15?
15
Calculate the greatest common divisor of 133 and 43352281.
133
Calculate the greatest common divisor of 707710 and 6120.
170
Calculate the highest common factor of 295480 and 63368.
712
Calculate the greatest common factor of 33330 and 10956.
66
What is the highest common factor of 39239610 and 7659?
2553
What is the highest common divisor of 13745 and 64220?
5
Calculate the greatest common divisor o